(u) = u**2 + 32*u + 190. Calculate q(-9).
-17
Let k(r) = -57*r**3 - 5*r**2 - 7*r - 2. Determine k(-1).
57
Let m(s) = -7*s**2 + 185*s + 1704. Calculate m(-9).
-528
Let n(s) = -5*s**2 - 108*s - 249. Calculate n(-19).
-2
Let y(f) = -613*f - 3671. Determine y(-6).
7
Let b(z) = 2*z**2 - 39*z + 212. Calculate b(10).
22
Let f(b) = 3*b**2 + 273*b - 274. Calculate f(1).
2
Let p(v) = -7*v**2 - 40*v - 109. What is p(-3)?
-52
Let y(t) = 91*t + 1650. Calculate y(-19).
-79
Let i(l) = 4*l**2 - 157*l + 1363. Calculate i(27).
40
Let p(w) = -w**2 + 58*w - 682. Calculate p(39).
59
Let s(d) = 2081*d + 70764. Give s(-34).
10
Let f(b) = -32*b + 183. Calculate f(7).
-41
Let v(f) = 38*f + 1987. What is v(-53)?
-27
Let b(h) = 74*h + 553. What is b(-7)?
35
Let v(x) = -5*x**2 + 200*x + 1650. What is v(47)?
5
Let b(t) = -2*t**3 - 122*t + 400. Calculate b(3).
-20
Let j(u) = -u**3 + 17*u**2 - 62*u + 21. Give j(11).
65
Let r(m) = -2318*m + 11591. Calculate r(5).
1
Let u(l) = 6*l**2 + 4*l - 10. Give u(2).
22
Let g(y) = 56*y**2 - 2547*y + 1223. Give g(45).
8
Let r(p) = 84*p + 188. What is r(8)?
860
Let c(v) = 142*v + 1468. Calculate c(-10).
48
Let r(w) = -w**3 - 33*w**2 + 69*w - 56. Calculate r(-35).
-21
Let h(g) = g**2 - 62*g - 1335. Calculate h(79).
8
Let o(a) = a**2 + 563*a - 5144. Determine o(9).
4
Let f(j) = 9*j**2 - 312*j + 203. What is f(34)?
-1
Let a(n) = 2*n**3 - 22*n**2 + 39*n - 27. Give a(9).
0
Let u(j) = -j**3 + 21*j**2 - 477*j + 10009. Give u(21).
-8
Let l(i) = -1104*i - 7727. What is l(-7)?
1
Let v(y) = -3*y**3 + 30*y**2 - 86*y + 826. Give v(10).
-34
Let z(i) = -2*i**2 + 31*i + 51. Calculate z(16).
35
Let d(i) = -13*i**2 - 44*i + 141. What is d(7)?
-804
Let b(v) = v**2 + 8*v - 102. Give b(7).
3
Let y(a) = 2*a**3 + 35*a**2 + 11*a - 12. What is y(-16)?
580
Let h(l) = l**2 + 340*l + 28816. Calculate h(-160).
16
Let a(h) = -h**3 + 57*h**2 + 179*h + 10. Calculate a(60).
-50
Let s(a) = 163*a - 297. What is s(3)?
192
Let h(l) = 3*l**2 + 3430*l - 6865. What is h(2)?
7
Let r(p) = 60*p - 2394. What is r(40)?
6
Let a(v) = -5*v**2 - 113*v + 476. What is a(4)?
-56
Let j(a) = -154*a + 10012. Calculate j(65).
2
Let z(r) = -r**3 - 51*r**2 + 213*r - 385. Determine z(-55).
0
Let m(u) = -5979*u + 35888. Calculate m(6).
14
Let p(x) = -5*x**2 - 1067*x - 2538. Give p(-211).
-6
Let n(c) = 3*c**3 - 6*c**2 + 16*c + 4. What is n(4)?
164
Let p(f) = f**2 - 121*f + 360. Give p(3).
6
Let o(n) = -4*n**3 + 197*n**2 + 358*n - 54. What is o(51)?
-3
Let c(d) = -53*d - 330. Determine c(-6).
-12
Let s(j) = -41*j - 1082. What is s(-23)?
-139
Let o(i) = 8*i + 119. What is o(-4)?
87
Let d(n) = -n - 83. Calculate d(-4).
-79
Let f(a) = -315*a - 4026. Determine f(-13).
69
Let h(b) = -b**3 - 31*b**2 - 94*b - 125. Give h(-28).
155
Let o(c) = -4*c**2 - 16*c - 26. Give o(-4).
-26
Let b(y) = -1910*y - 9539. Determine b(-5).
11
Let p(z) = -5*z**2 - 932*z + 555. Determine p(-187).
-6
Let u(f) = 382*f + 2381. What is u(-6)?
89
Let n(s) = -8*s + 236. Calculate n(15).
116
Let p(m) = -2*m**3 - 8*m**2 + 6*m - 33. Determine p(-6).
75
Let p(b) = 4*b**3 + 8*b**2 + 3*b - 57. Give p(4).
339
Let r(m) = -2*m**2 + 117. What is r(0)?
117
Let r(p) = 5*p - 32. Determine r(-3).
-47
Let r(l) = -3*l**3 + 71*l**2 + 570*l + 19. Give r(30).
19
Let c(q) = 223*q + 418. Give c(-3).
-251
Let m(w) = -3*w**2 + 8*w + 22. Calculate m(-4).
-58
Let b(i) = -1806*i + 9032. Determine b(5).
2
Let a(t) = t**3 + 64*t**2 + 627*t + 181. Calculate a(-52).
25
Let y(z) = -2*z**3 - 102*z**2 + 213*z + 56. Give y(-53).
3
Let d(n) = n**2 - 105*n - 1667. What is d(-14)?
-1
Let c(a) = -182*a - 3640. Determine c(-20).
0
Let t(q) = q**2 + 19*q + 51. Determine t(-17).
17
Let o(i) = 995*i + 20891. Give o(-21).
-4
Let j(b) = 936*b + 11229. Give j(-12).
-3
Let n(h) = h**3 - 17*h**2 - 24*h + 326. Determine n(17).
-82
Let q(g) = g**3 + 25*g**2 + 90*g - 646. What is q(-18)?
2
Let s(b) = b**3 - 16*b**2 + 77*b + 16. What is s(11)?
258
Let q(y) = 5*y**2 - 651*y - 3237. Give q(135).
3
Let x(o) = 24*o**2 - 30*o - 13. Determine x(4).
251
Let y(p) = -2*p**3 + 5*p**2 - 13*p + 72. Give y(5).
-118
Let i(l) = 2658*l - 5336. What is i(2)?
-20
Let p(s) = -127*s + 9410. Determine p(74).
12
Let n(k) = 9592*k - 47952. Calculate n(5).
8
Let x(h) = -h**2 + 16*h + 12. What is x(17)?
-5
Let o(r) = 89*r + 347. Give o(-6).
-187
Let q(u) = u**3 + 9*u**2 + 6*u + 22. Calculate q(-8).
38
Let l(p) = 1346*p - 10765. What is l(8)?
3
Let k(v) = v**2 + 49*v + 655. Calculate k(-26).
57
Let m(n) = n**3 + 35*n**2 - 69*n + 182. What is m(-37)?
-3
Let b(d) = -823*d - 643. Determine b(-1).
180
Let u(a) = 80*a + 960. Determine u(-12).
0
Let r(k) = 4*k - 161. Give r(46).
23
Let r(m) = -m**3 - 6*m**2 + 11*m + 18. What is r(-9)?
162
Let i(m) = m**3 + 13*m**2 + 39*m + 531. What is i(-13)?
24
Let k(c) = c**2 + 37*c - 51. What is k(-34)?
-153
Let g(u) = -27*u**2 + 121*u - 11. Determine g(4).
41
Let a(x) = 524*x - 1574. Determine a(3).
-2
Let w(h) = -h**3 - 37*h**2 - 33*h + 123. Determine w(-36).
15
Let a(f) = -27*f**3 - 3*f**2 + 5*f + 2. Determine a(-2).
196
Let q(s) = -4115*s + 45271. What is q(11)?
6
Let n(l) = 25*l - 628. Give n(25).
-3
Let n(p) = 12*p**2 + 196*p - 143. Give n(-17).
-7
Let y(h) = -h**2 - 43*h + 217. Calculate y(-48).
-23
Let w(r) = -r - 14. Give w(16).
-30
Let k(b) = -1269*b - 205576. Calculate k(-162).
2
Let z(h) = -5*h**2 + 113*h + 97. What is z(18)?
511
Let l(n) = -270*n + 4304. Determine l(15).
254
Let p(z) = z**3 - 50*z**2 - 41*z - 497. Determine p(51).
13
Let n(j) = -j**3 + 22*j**2 + 20*j - 449. What is n(21)?
412
Let l(r) = 2*r**3 - 5*r**2 - 2*r + 11. What is l(0)?
11
Let a(c) = -81*c - 25. Give a(-3).
218
Let g(l) = -3*l**3 - 19*l**2 + 4*l - 9. Give g(-8).
279
Let j(l) = -l**3 + 14*l**2 + 49*l - 895. Calculate j(11).
7
Let s(t) = -t**2 - 159*t - 4501. What is s(-37)?
13
Let c(t) = t**3 - 15*t**2 + 69*t - 1369. Give c(16).
-9
Let c(j) = -87*j + 450. Determine c(6).
-72
Let z(u) = 8*u - 145. Give z(16).
-17
Let w(m) = m**2 + 25*m + 144. What is w(-18)?
18
Let j(r) = 33*r**2 + 135*r + 13. Calculate j(-4).
1
Let r(u) = -u**2 + 21*u - 45. Give r(2).
-7
Let a(f) = f**2 - 108*f + 3070. What is a(63)?
235
Let s(f) = 2*f**2 + 30*f - 41. Determine s(-13).
-93
Let u(d) = 117*d + 2561. Determine u(-22).
-13
Let t(y) = y**2 + 9*y - 171. Calculate t(-19).
19
Let j(y) = 3*y**2 - 2*y - 76. What is j(-5)?
9
Let f(i) = 67*i - 340. Determine f(4).
-72
Let q(z) = z**2 + 13*z - 1278. Give q(30).
12
Let d(z) = -3*z**3 - 22*z**2 - 11*z + 70. What is d(-8)?
286
Let a(o) = -244*o**2 + 31*o - 31. Calculate a(1).
-244
Let a(b) = -9*b**3 + 151*b**2 + 35*b - 18. Calculate a(17).
-1
Let f(r) = -43*r + 1946. Give f(45).
11
Let x(v) = -3*v**2 - 232*v - 296. Give x(-76).
8
Let k(g) = 46*g**2 - 1470*g - 27. Determine k(32).
37
Let r(q) = -126*q + 6425. Give r(52).
-127
Let m(i) = -781*i**2 - 5470*i - 15. What is m(-7)?
6
Let z(o) = -72*o + 850. Calculate z(13).
-86
Let g(j) = 82*j - 248. Give g(3).
-2
Let x(b) = 4*b**3 - 6*b**2 + 34*b - 53. Give x(3).
103
Let z(k) = -k**3 + 27*k**2 + 573*k + 26. Determine z(41).
-15
Let j(f) = -f**2 + 118*f - 2005. What is j(97)?
32
Let q(o) = o**3 - 9*o**2 - 28*o - 117. Determine q(12).
-21
Let o(a) = -a**3 - 4*a**2 + 15*a + 26. What is o(-8)?
162
Let y(f) = -438*f + 862. Determine y(2).
-14
Let o(h) = h**3 + 52*h**2 + 371*h + 840. Calculate o(-44).
4
Let c(b) = 2*b**3 + 2*b**2 - 734*b + 4. What is c(0)?
4
Let r(f) = 2*f**2 - 86*f - 78. Give r(44).
10
Let x(n) = 13*n + 97. Calculate x(-9).
-20
Let h(z) = -z**3 - 2350*z**2 - 9381*z + 8. What is h(-4)?
-4
Let t(i) = i**3 + 7*i**2 + 39*i + 377. Give t(-8).
1
Let c(k) = -k**3 + 7*k**2 + 28*k - 9. Determine c(-3).
-3
Let t(u) = u**3 + 15*u**2 - 23*u - 316. What is t(-15)?
29
Let z(x) = -34*x**2 + 208*x - 10. Determine z(6).
14
Let v(g) = -g**3 - 73*g**2 - 219*g - 627. Calculate v(-70).
3
Let v(y) = 4*y**3 + 5*y**2 + 35*y + 72. What is v(-2)?
-10
Let p(w) = 3*w - 359. What is p(39)?
-242
Let a(n) = 85*n**2 - 11475*n + 17. Give a(135).
17
Let x(c) = -17*c + 132. Calculate x(5).
47
Let b(k) = -5*k**2 + 3*k + 19. Determine b(0).
19
Let p(j) = 9*j**2 - 80*j - 313. Calculate p(-3).
8
Let t(g) = 3*g**2 - 55*g + 65. Calculate t(16).
-47
Let a(o) = o**3 + 4*o**2 - 170*o - 48. Give a(11).
-103
Let r(p) = -98*p - 2341. Determine r(-24).
11
Let